5). Suppose -5*j - 5*b = -345, 399 - u = 4*j + 3*b. What is the greatest common factor of j and 26?
13
Let i(h) = 4*h**2 - h + 2. Let v be i(-2). Suppose -v - 12 = -4*j. Calculate the greatest common factor of 16 and j.
8
Let u = 37 - 2. Suppose 3*p = m - 5*m + 14, -4*m = -8. Let x be -2*5*p/(-4). What is the greatest common factor of x and u?
5
Suppose 0 = 2*w - 3*g + g + 6, -3*w + 5*g = 13. Let k be (15 - (1 - -1))/w. Let j = -9 - k. Calculate the highest common divisor of j and 12.
4
Suppose -37 + 5 = 4*t. Let i = -5 - t. What is the greatest common divisor of i and 9?
3
Let z be (-2)/(-5) - (-4)/(-10). Suppose -5*c - 2*h + 14 = -3*h, z = -3*c + 3*h + 6. Calculate the greatest common factor of c and 12.
3
Let t(u) = -3*u**3 + 2*u**2 - 1. Let a be t(-1). Let h = -49 - -77. Calculate the greatest common divisor of a and h.
4
Let y be ((-2)/(-5))/((-1)/5). Let k be (-32)/(-12) - y/6. Let d be -1 - (4/2 + -4). Calculate the greatest common divisor of d and k.
1
Let j(t) = -t**2 - 6*t + 6. Let l be j(-6). Let c = -6 + l. Suppose -2*p = -c*p - 40. What is the greatest common factor of 4 and p?
4
Let k(o) = o**2 - 3*o + 3. Let a be k(3). Let f(j) = j**3 - 3*j**2 + j + 4. Let w be f(3). Let r = w + -4. Calculate the greatest common factor of r and a.
3
Suppose 2*r + 2*r = 0. Let g(w) = -w**3 + w**2 + 36. Let p be g(r). Calculate the highest common divisor of 9 and p.
9
Let b(x) = -13*x + 10. Let q be b(-5). Suppose -3*f + 40 = 4*n, -4*f - 3*n = -2*n - q. Calculate the highest common divisor of f and 20.
20
Let m(p) = -p**3 - 12*p**2 - 11*p. Let l be m(-11). Suppose 0 = -l*n + 2*n - 44. Calculate the highest common factor of n and 55.
11
Let b(q) = q**3 - 3*q**2 + 2*q - 2. Let x be b(3). Calculate the highest common factor of x and 8.
4
Let o = 16 - 9. Suppose 0 - o = -b. Calculate the highest common factor of b and 49.
7
Suppose 0 = a - 10 - 5. Let d(t) = -6*t. Let n(b) = b. Let m(r) = a*n(r) + d(r). Let x be m(4). What is the greatest common factor of 12 and x?
12
Suppose -b - 70 + 74 = 0. Suppose -34 = 2*f - 168. Suppose y = -23 + f. Calculate the greatest common divisor of y and b.
4
Suppose 0 = 3*z - 5*h - 80, 0 = 5*h - 0*h + 20. Let y be 2532/18 - (-4)/(-6). Calculate the highest common factor of z and y.
20
Suppose 4*r + 5*l - 2*l = 102, -73 = -3*r - 4*l. Suppose 2*x - 5*f - 6 = 10, -f - 5 = -x. Calculate the highest common factor of x and r.
3
Suppose -5*f + f - 340 = -4*z, -z + 165 = -2*f. Let x = 174 - 54. Let s = f + x. What is the highest common divisor of s and 16?
8
Let y(x) = 5*x + 44. Let t be y(-6). Let j(o) = -14*o. Let h be j(-4). Calculate the highest common factor of h and t.
14
Suppose a + a - 242 = 5*t, 5*a - 605 = -2*t. Calculate the greatest common factor of a and 11.
11
Suppose -171 = -0*o - 5*o + 2*y, -4*y - 132 = -4*o. Calculate the greatest common factor of 49 and o.
7
Suppose -2*k - k = -4*p - 102, 0 = -k - 4*p + 18. Calculate the highest common divisor of 75 and k.
15
Let h(i) = -i**3 - 17*i**2 - 35*i + 20. Let v be h(-15). Let w = 64 - 26. What is the highest common factor of w and v?
19
Suppose -4*p - 37 = -5*l, 19 = 3*l - 4*p - 0. Suppose 0 = -2*x - l - 3. Let o be (-8)/x*90/5. What is the greatest common factor of 16 and o?
8
Let x = -64 + 90. Let n(k) = k**3 - 6*k**2 + 4*k + 7. Let c be n(5). Suppose -c*v - 3 = -29. Calculate the highest common divisor of x and v.
13
Suppose -r - 2*r = 4*p - 189, -4*r + 12 = 0. Suppose 0 = 2*h - b - 0*b - 13, 9 = -3*b. Calculate the highest common factor of p and h.
5
Suppose -3*d = 3*a - 267, -3*a = a - 3*d - 363. Let o(j) = j**3 + 2*j**2 - 7*j - 2. Let v be o(-3). Calculate the highest common factor of a and v.
10
Let q(p) = p**3 - 8*p**2 - 7*p - 10. Let y be q(9). What is the greatest common divisor of y and 88?
8
Let y(t) = -t - 2. Let q(d) = 1. Let o(n) = 6*q(n) - y(n). Let r be o(-7). Calculate the highest common divisor of 5 and r.
1
Suppose 17 = -5*r + 7. Let d = 6 + r. What is the highest common divisor of d and 4?
4
Let l = 53 - 17. Suppose 0 = 5*h - l - 714. What is the highest common factor of 15 and h?
15
Let f = 9 - 7. Suppose -f*z - 35 = -3*z. Calculate the greatest common divisor of 14 and z.
7
Let y be 8/(-44) + (2 - (-534)/33). What is the highest common divisor of 42 and y?
6
Suppose -8*w + 3*w + 90 = 0. What is the greatest common divisor of 90 and w?
18
Suppose 3*m - 7 = 17. What is the greatest common factor of 24 and m?
8
Let j(d) = 6*d + 6. Let t be j(5). Calculate the greatest common divisor of 90 and t.
18
Let f(k) = 15*k**2 + 1. Let n be f(1). What is the greatest common factor of 8 and n?
8
Let w(b) = -3*b**3 - b**2 - b - 1. Let d be w(-2). Calculate the highest common factor of d and 21.
21
Suppose 2*i = 3*y - 0*y + 41, -y = -5. What is the greatest common factor of 140 and i?
28
Suppose -9 = -3*t - 0, -469 = -4*h + 5*t. Let f(i) = -4*i + 3*i + 1 + 3. Let x be f(-7). What is the highest common factor of h and x?
11
Let s = -38 + 49. What is the highest common divisor of s and 121?
11
Let o(j) = -16*j + 2. Let p be o(-4). What is the highest common divisor of p and 44?
22
Suppose 0 = 6*k - 4 - 44. Suppose -5*p + p + 352 = 0. Calculate the greatest common factor of k and p.
8
Suppose 0 = -6*s + 2150 + 790. What is the greatest common divisor of 49 and s?
49
Suppose -37 = -o + 139. Let s(b) = -b - 2. Let r be s(-6). Let q be ((-6)/r)/(15/(-220)). Calculate the greatest common divisor of q and o.
22
Let u = -96 + 98. Let c = 10 - 7. What is the greatest common divisor of u and c?
1
Suppose 280 = -5*m + 1380. Calculate the highest common factor of 44 and m.
44
Let y(n) be the first derivative of -n**2/2 + 2*n - 1. Let w be y(-3). Let g = 8 - w. Calculate the greatest common factor of 15 and g.
3
Let s(x) = -x**2 + 9*x + 1. Let z be s(9). What is the highest common divisor of 4 and z?
1
Let t(c) = 16*c + 4. Suppose 2*l = -o + 2 + 1, 27 = 5*o - 2*l. Let x be t(o). Calculate the greatest common divisor of 14 and x.
14
Suppose 150 = 5*o - 2*k, 4*k + 117 = 4*o + 3*k. What is the highest common factor of 28 and o?
28
Let i be 3*(-5)/((-15)/(-214)). Let l = i + 434. What is the highest common factor of 20 and l?
20
Let x = 128 + -88. Suppose 26 = 4*m - v - v, m - 3*v = -6. Let j be 5*(-3)/m*-3. What is the highest common factor of x and j?
5
Suppose -5*u = 23 - 623. What is the highest common divisor of 15 and u?
15
Suppose -15 = -3*l, -3*t - 4*l + 85 = 2*t. Let y = -7 + t. Suppose -72 = 4*g - 336. Calculate the greatest common factor of y and g.
6
Suppose 4*x - 5*h + 20 = -10, 0 = -2*x + 5*h - 20. Let u = 21 + x. What is the highest common factor of u and 32?
16
Suppose l - 25 = -0*l. Let u = l + -15. Calculate the greatest common divisor of u and 80.
10
Let i be (0/3 - -2)*-2. Let w(b) = b**3 + b**2 - b - 2. Let l be w(-2). Let p be l/(-3)*(-6)/i. Calculate the highest common divisor of p and 18.
2
Let d(u) = u**3 + 16*u**2 - 2*u - 24. Let h be d(-16). Calculate the greatest common factor of 24 and h.
8
Suppose -5*o - o + 288 = 0. Let m = o + -28. Let p(t) = -t**3 + 3*t + 3. Let y be p(-2). Calculate the greatest common factor of y and m.
5
Let f be (20/(-12) + 1)*-6. What is the highest common divisor of 2 and f?
2
Let v be -6*5/(-30)*(-40)/(-2). Calculate the greatest common factor of 160 and v.
20
Let t = 11 + 11. Let h = 284 + -282. Calculate the highest common divisor of h and t.
2
Let y be 4/4 + (-10)/(-2). What is the greatest common divisor of y and 6?
6
Let y be ((-5)/(-2))/((-2)/(-108)). Let v be (1/(-3))/((-160)/(-162) - 1). What is the greatest common divisor of y and v?
27
Let t(g) = 2*g + 2. Let f(b) = -5*b - 4. Let x(a) = -3*f(a) - 5*t(a). Let q be x(2). Let y be 144/4*8/6. Calculate the greatest common factor of q and y.
12
Suppose -3*o = -b - 888 + 194, 0 = -2*o - 4*b + 444. Calculate the greatest common factor of 23 and o.
23
Let x = -67 - -97. Suppose -5*r = -0*r + x. Let l(b) = -5*b + 3. Let f be l(r). What is the greatest common factor of f and 3?
3
Let l = 39 - -17. Suppose -b - 3*b + l = 0. What is the greatest common divisor of 7 and b?
7
Let o(w) = -20*w + 4. Let r be o(-3). Calculate the greatest common factor of 8 and r.
8
Let h = 23 - 53. Let c = h - -45. Let u be 77 - (-1)/2*-4. What is the greatest common factor of u and c?
15
